divisor of 32 and 50202?
2
Calculate the highest common factor of 52480 and 410.
410
What is the highest common divisor of 583324 and 13052?
1004
Calculate the highest common factor of 486 and 14013.
81
Calculate the greatest common divisor of 7 and 4315829.
7
What is the highest common factor of 368 and 3324696?
184
What is the highest common factor of 4912 and 64?
16
What is the highest common factor of 1856 and 2291?
29
Calculate the highest common factor of 968 and 1592.
8
Calculate the greatest common divisor of 7044 and 372.
12
What is the greatest common factor of 801 and 6570?
9
Calculate the greatest common factor of 125 and 33075.
25
What is the highest common factor of 5427 and 216?
27
Calculate the highest common divisor of 6875 and 913125.
625
What is the highest common factor of 175337 and 2588?
647
Calculate the highest common divisor of 2777040 and 266.
266
Calculate the highest common divisor of 160 and 88864.
32
What is the highest common divisor of 14628 and 7498?
46
What is the greatest common factor of 3030157 and 13?
13
What is the greatest common divisor of 1844769 and 447?
447
Calculate the greatest common divisor of 1664 and 187512.
104
What is the greatest common factor of 780 and 34710?
390
Calculate the greatest common divisor of 8831348 and 1084.
1084
Calculate the highest common divisor of 43632 and 720.
144
Calculate the greatest common divisor of 651987 and 262.
131
Calculate the highest common factor of 132 and 185460.
132
Calculate the greatest common factor of 548 and 324.
4
Calculate the greatest common factor of 7524 and 6336.
396
What is the greatest common divisor of 7400 and 69400?
200
Calculate the greatest common factor of 1932 and 149316.
276
What is the highest common divisor of 1763344 and 946?
946
What is the highest common divisor of 154046 and 2?
2
What is the greatest common divisor of 42341 and 26?
13
What is the highest common divisor of 50427 and 65?
13
What is the highest common divisor of 27 and 2991?
3
Calculate the greatest common factor of 55050 and 1950.
150
What is the highest common factor of 384 and 64800?
96
Calculate the greatest common divisor of 238 and 18802.
238
What is the greatest common factor of 78778 and 1751?
17
What is the greatest common factor of 19390 and 20?
10
Calculate the greatest common divisor of 102882 and 156.
78
Calculate the highest common factor of 14336 and 8.
8
Calculate the greatest common divisor of 146 and 37303.
73
Calculate the highest common factor of 268409 and 139.
139
Calculate the greatest common factor of 142376 and 364.
52
Calculate the greatest common divisor of 9 and 760203.
9
Calculate the greatest common factor of 76830 and 10.
10
What is the greatest common divisor of 2946 and 4272?
6
What is the highest common factor of 24 and 247416?
24
Calculate the greatest common divisor of 48 and 428424.
24
Calculate the greatest common factor of 160 and 85664.
32
What is the greatest common divisor of 10527 and 35574?
363
Calculate the greatest common factor of 25 and 37685.
5
Calculate the highest common divisor of 4536 and 7596.
36
Calculate the highest common divisor of 26 and 1265056.
26
What is the highest common divisor of 362306 and 98?
98
Calculate the greatest common divisor of 13958 and 70.
14
Calculate the highest common factor of 772305 and 75.
15
Calculate the greatest common factor of 521394 and 268.
134
Calculate the greatest common divisor of 17 and 671721.
17
What is the greatest common divisor of 756 and 1113?
21
What is the highest common divisor of 120 and 213888?
24
Calculate the highest common factor of 1786 and 2579877.
893
What is the highest common divisor of 60 and 208860?
60
Calculate the highest common divisor of 84 and 26292.
84
What is the highest common factor of 1509 and 7370459?
503
What is the highest common divisor of 26265 and 9888?
309
What is the highest common divisor of 3555 and 35155?
395
What is the highest common factor of 160 and 25360?
80
What is the highest common divisor of 243 and 376731?
81
What is the highest common divisor of 266 and 1138942?
14
Calculate the highest common factor of 1545049 and 242.
121
Calculate the greatest common divisor of 150 and 195050.
50
What is the highest common factor of 980 and 279692?
196
Calculate the greatest common divisor of 48642 and 5082.
726
What is the highest common divisor of 1675 and 30450?
25
Calculate the greatest common divisor of 120890 and 55.
55
What is the greatest common factor of 16940 and 640640?
1540
What is the highest common factor of 30 and 26330?
10
Calculate the highest common divisor of 96460 and 28.
28
What is the greatest common factor of 27698 and 176?
22
Calculate the highest common factor of 64640 and 80.
80
Calculate the highest common divisor of 782 and 226343.
23
What is the greatest common factor of 540 and 40212?
36
What is the highest common factor of 696320 and 19456?
1024
What is the highest common factor of 546 and 4810?
26
What is the highest common divisor of 2471542 and 470?
94
What is the highest common factor of 134 and 180900?
134
What is the greatest common divisor of 38 and 317414?
38
Calculate the greatest common factor of 17670 and 1567329.
1767
Calculate the greatest common divisor of 1055 and 86721.
211
What is the greatest common divisor of 11211 and 1515?
303
Calculate the greatest common divisor of 40612 and 572.
572
What is the greatest common factor of 195148 and 36?
4
Calculate the highest common divisor of 1332 and 644466.
222
What is the greatest common divisor of 5379437 and 14?
7
What is the highest common divisor of 4605 and 15?
15
Calculate the highest common divisor of 466888 and 272.
136
Calculate the greatest common factor of 13 and 21424.
13
What is the greatest common divisor of 56 and 392252?
28
What is the greatest common factor of 328 and 61377?
41
What is the greatest common divisor of 37128 and 2604?
84
Calculate the greatest common divisor of 204 and 21012.
204
Calculate the greatest common divisor of 163366 and 98.
98
What is the greatest common divisor of 134980 and 1700?
340
What is the greatest common factor of 670 and 51255?
335
Calculate the greatest common divisor of 1455636 and 5031.
1677
Calculate the greatest common factor of 60 and 53145.
15
What is the highest common factor of 27163 and 161?
23
What is the greatest common factor of 854 and 33794?
122
What is the highest common factor of 165 and 20515?
55
Calculate the greatest common divisor of 23 and 267467.
23
What is the greatest common divisor of 145288 and 429?
143
Calculate the highest common divisor of 51 and 80648.
17
Calculate the greatest common divisor of 4806 and 36.
18
What is the highest common factor of 8469 and 164675?
941
What is the highest common factor of 12792 and 138088?
328
Calculate the greatest common factor of 1 and 205385.
1
Calculate the greatest common factor of 85288 and 21.
7
What is the greatest common factor of 18 and 1236?
6
What is the greatest common divisor of 322668 and 9?
9
Calculate the highest common divisor of 1818 and 1625898.
606
Calculate the highest common factor of 153 and 101286.
153
Calculate the highest common divisor of 42650 and 321581.
853
What is the greatest common divisor of 17888 and 29016?
104
What is the highest common divisor of 618 and 12?
6
What is the highest common factor of 235 and 2049388?
47
What is the highest common factor of 53558 and 31608?
878
What is the greatest common divisor of 162461 and 13?
13
What is the greatest common divisor of 42 and 2258886?
42
Calculate the highest common divisor of 38305 and 39935.
815
Calculate the greatest common divisor of 63 and 1045107.
63
Calculate the highest common divisor of 224329 and 8687.
511
Calculate the greatest common divisor of 15179 and 129.
43
Calculate the highest common factor of 10 and 5175.
5
Calculate the highest common factor of 80148 and 36.
12
Calculate the greatest common divisor of 250424 and 1656.
184
Calculate the greatest common factor of 18128 and 1016816.
1648
What is the highest common factor of 1269857 and 177?
59
Calculate the greatest common divisor of 7644 and 1248.
156
Calculate the highest common factor of 2072 and 921152.
296
What is the greatest common divisor of 604 and 107210?
302